{"id":478,"date":"2020-10-28T12:53:35","date_gmt":"2020-10-28T11:53:35","guid":{"rendered":"http:\/\/gwiezdnykrag.pl\/?page_id=478"},"modified":"2026-01-03T15:45:44","modified_gmt":"2026-01-03T14:45:44","slug":"regulamin","status":"publish","type":"page","link":"https:\/\/gwiezdnykrag.pl\/index.php\/regulamin\/","title":{"rendered":"Regulamin"},"content":{"rendered":"\n<p class=\"has-text-align-center\"><strong>REGULAMIN<\/strong><\/p>\n\n\n\n<p class=\"has-text-align-center\"><strong>XXI Og\u00f3lnopolskiej Olimpiady Wiedzy o Unii Europejskiej<\/strong><\/p>\n\n\n\n<p class=\"has-text-align-center\"><strong>\u201eGWIEZDNY KR\u0104G\u201d<\/strong><\/p>\n\n\n\n<p class=\"has-text-align-center\"><strong>Rozdzia\u0142 I<\/strong><\/p>\n\n\n\n<p class=\"has-text-align-center\"><strong>Postanowienia og\u00f3lne<\/strong><\/p>\n\n\n\n<p><strong>Art. 1.<\/strong>&nbsp;Podstaw\u0105 przeprowadzenia Og\u00f3lnopolskiej Olimpiady Wiedzy o Unii Europejskiej \u201eGwiezdny Kr\u0105g\u201d jest Rozporz\u0105dzenie Ministra Edukacji Narodowej i Sportu z 29 stycznia 2002 roku&nbsp;<em>w sprawie organizacji oraz sposobu przeprowadzenia konkurs\u00f3w, turniej\u00f3w i olimpiad<\/em>.<\/p>\n\n\n\n<p><strong>Art. 2.<\/strong>&nbsp;<\/p>\n\n\n\n<ol class=\"wp-block-list\">\n<li>Organizatorem Olimpiady jest Komisja Europejska Przedstawicielstwo w Polsce, Parlament Europejski Biuro w Polsce oraz Stowarzyszenie \u201eS\u0142upski Instytut ds. M\u0142odzie\u017cy\u201d.<\/li>\n<\/ol>\n\n\n\n<ol start=\"2\" class=\"wp-block-list\">\n<li>Partnerami Olimpiady s\u0105: Punkty Europe Direct w Polsce oraz sie\u0107 ekspert\u00f3w Team Europe Direct w Polsce oraz Stowarzyszenie \u201ePomorskie w Unii Europejskie\u201d.<\/li>\n\n\n\n<li>Partnerzy mog\u0105 przyznawa\u0107 nagrody specjalne dla uczestnik\u00f3w.\u00a0<\/li>\n<\/ol>\n\n\n\n<p><strong>Art. 3.<\/strong>&nbsp;Do udzia\u0142u w organizowaniu Olimpiady zaproszeni s\u0105 przedstawiciele instytucji naukowych oraz spo\u0142ecznych, kt\u00f3rzy zajmuj\u0105 si\u0119 problematyk\u0105 spo\u0142ecze\u0144stwa obywatelskiego, naukami spo\u0142ecznymi i politycznymi, wsp\u00f3\u0142czesnymi problemami spo\u0142ecze\u0144stwa globalnego, kryzys\u00f3w spo\u0142ecznych i ekonomicznych, przedstawicieli nauk prawniczych, znawc\u00f3w prawa Unii Europejskiej oraz integracji europejskiej.<\/p>\n\n\n\n<p><strong>Art. 4.<\/strong>&nbsp;Olimpiada kierowana jest do uczni\u00f3w szk\u00f3\u0142 ponadpodstawowych: lice\u00f3w og\u00f3lnokszta\u0142c\u0105cych, lice\u00f3w profilowanych, technik\u00f3w, uzupe\u0142niaj\u0105cych lice\u00f3w og\u00f3lnokszta\u0142c\u0105cych i technik\u00f3w uzupe\u0142niaj\u0105cych oraz dla uczni\u00f3w szk\u00f3\u0142 ponadpodstawowych i bran\u017cowych.<\/p>\n\n\n\n<p><strong>Art. 5.<\/strong>&nbsp;<\/p>\n\n\n\n<ol class=\"wp-block-list\">\n<li>Organizatorzy Olimpiady powo\u0142uj\u0105 Komitet Organizacyjny, kt\u00f3ry sprawuje nadz\u00f3r merytoryczny i organizacyjny nad przebiegiem Olimpiady. Komitet Organizacyjny odpowiada tak\u017ce za obs\u0142ug\u0119 finansow\u0105 Olimpiady.<\/li>\n\n\n\n<li>Komitet Organizacyjny powo\u0142uj\u0119 Rad\u0119 Programow\u0105, w sk\u0142ad kt\u00f3rej wchodz\u0105 osoby posiadaj\u0105ce uznan\u0105 wiedz\u0119 i do\u015bwiadczenie w zakresie spraw europejskich. Rada Programowa odpowiedzialna jest za przygotowanie test\u00f3w od zawod\u00f3w wszystkich stopni, a tak\u017ce jej cz\u0142onkowie wraz z przedstawicielami Komitetu Organizacyjnego wchodz\u0105 w sk\u0142ad jury podczas rozgrywek fina\u0142owych.<\/li>\n<\/ol>\n\n\n\n<p><strong>Art. 6.<\/strong>&nbsp;W Olimpiadzie udzia\u0142 mog\u0105 wzi\u0105\u0107 szko\u0142y, kt\u00f3re <strong>do 16 marca 2026 roku <\/strong>prze\u015bl\u0105 formularz zg\u0142oszeniowy stanowi\u0105cy Za\u0142\u0105cznik nr 1, na adres mailowy: <a href=\"mailto:kontakt@gwiezdnykrag.pl\">kontakt@gwiezdnykrag.pl<\/a><\/p>\n\n\n\n<p><strong>Art. 7.<\/strong>&nbsp;Komitet Organizacyjny powo\u0142uje Komitet Honorowy, w sk\u0142ad kt\u00f3rego wchodz\u0105 osoby i&nbsp;instytucje kt\u00f3re w spos\u00f3b szczeg\u00f3lny przyczyni\u0142y si\u0119 do organizacji i przebiegu Olimpiady.<\/p>\n\n\n\n<p><strong>Art. 8.<\/strong>&nbsp;Zawody Olimpiady s\u0105 tr\u00f3jstopniowe:<\/p>\n\n\n\n<p>1) I stopie\u0144 \u2013 szkolny;<\/p>\n\n\n\n<p>2) II stopie\u0144 \u2013 okr\u0119gowy;<\/p>\n\n\n\n<p>3) III stopie\u0144 \u2013 centralny.<\/p>\n\n\n\n<p class=\"has-text-align-center\"><strong>Rozdzia\u0142 II<\/strong><\/p>\n\n\n\n<p class=\"has-text-align-center\"><strong>Przebieg Olimpiady<\/strong><\/p>\n\n\n\n<p class=\"has-text-align-center\"><strong>I stopie\u0144 \u2013 szkolny<\/strong><\/p>\n\n\n\n<p><strong>Art. 9.<\/strong>&nbsp;I stopie\u0144 Olimpiady odbywa si\u0119 w szko\u0142ach.<\/p>\n\n\n\n<p><strong>Art. 10.<\/strong>&nbsp;Nad prawid\u0142owym przebiegiem I stopnia Olimpiady czuwa trzyosobowa komisja powo\u0142ana przez dyrektora plac\u00f3wki z\u0142o\u017cona z&nbsp; nauczycieli, pedagoga, dyrekcji szko\u0142y lub innych pracownik\u00f3w.<\/p>\n\n\n\n<p><strong>Art.11<\/strong><\/p>\n\n\n\n<ol start=\"1\" class=\"wp-block-list\">\n<li>Szko\u0142a po zako\u0144czeniu I stopnia Olimpiady przekazuje pe\u0142n\u0105 dokumentacj\u0119 zawod\u00f3w do Komitetu Organizacyjnego \u2013 poczt\u0105 e-mail.<\/li>\n\n\n\n<li>Dokumentacj\u0119 zawod\u00f3w I stopnia Olimpiady prowadzi Komitet Organizacyjny. Dokumentacja ka\u017cdej edycji Olimpiady przechowywana jest przez dwa lata.<\/li>\n<\/ol>\n\n\n\n<p><strong>Art. 12.<\/strong>&nbsp;Zawody I stopnia Olimpiady odbywaj\u0105 si\u0119 w ca\u0142ym kraju tego samego dnia oraz o tej samej godzinie.<\/p>\n\n\n\n<p><strong>Art. 13.<\/strong>&nbsp;Uczestnictwo w Olimpiadzie jest dobrowolne. Uczestnikowi Olimpiady na ka\u017cdym jej etapie przys\u0142uguje prawo do zwolnienia z zaj\u0119\u0107 szkolnych na czas trwania zawod\u00f3w. Plac\u00f3wki o\u015bwiatowe zobowi\u0105zane s\u0105 do stworzenia r\u00f3wnych warunk\u00f3w udzia\u0142u dla zawodnik\u00f3w niepe\u0142nosprawnych.<\/p>\n\n\n\n<p><strong>Art. 14.<\/strong>&nbsp;Szkolna komisja powo\u0142ana przez dyrektora plac\u00f3wki zobowi\u0105zana jest poinformowa\u0107 zainteresowanych uczni\u00f3w o miejscu, w kt\u00f3rym odbywa\u0107 si\u0119 b\u0119dzie I etap Olimpiady.<\/p>\n\n\n\n<p><strong>Art. 15.<\/strong>&nbsp;Zawody szkolne polegaj\u0105 na rozwi\u0105zaniu testu jednokrotnego wyboru sk\u0142adaj\u0105cego si\u0119 z 50 pyta\u0144 zamkni\u0119tych. Pytania s\u0105 przygotowywane przez Komitet Organizacyjny na podstawie listy zagadnie\u0144 do\u0142\u0105czonych do Regulaminu (Za\u0142\u0105cznik nr 2) i s\u0105 wysy\u0142ane do szkolnych komisji najp\u00f3\u017aniej na 3 dni przed rozpocz\u0119ciem I etapu.<\/p>\n\n\n\n<p><strong>Art. 16.<\/strong>&nbsp;Na rozwi\u0105zanie testu zawod\u00f3w I stopnia uczestnicy maj\u0105 30 minut.<\/p>\n\n\n\n<p><strong>Art. 17.<\/strong>&nbsp;Za prawid\u0142owe rozwi\u0105zanie testu uczestnik mo\u017ce maksymalnie uzyska\u0107 50 punkt\u00f3w. Za udzielenie prawid\u0142owej odpowiedzi w ramach jednego pytania, uczestnikowi przys\u0142uguje jeden punkt. Za b\u0142\u0119dn\u0105 odpowied\u017a lub jej brak uczestnik nie otrzymuje punktu. Oceny test\u00f3w dokonuje szkolna komisja na podstawie przes\u0142anego klucza odpowiedzi przez Komitet Organizacyjny.<\/p>\n\n\n\n<p><strong>Art. 18.<\/strong>&nbsp;Do zawod\u00f3w II stopnia zakwalifikuj\u0105 si\u0119 osoby, kt\u00f3re uzyskaj\u0105 przynajmniej 27 punkt\u00f3w.<\/p>\n\n\n\n<p><strong>Art. 19.<\/strong><\/p>\n\n\n\n<ol class=\"wp-block-list\">\n<li>Po zako\u0144czeniu zawod\u00f3w I stopnia komisja szkolna sporz\u0105dza protok\u00f3\u0142, w kt\u00f3rym w szczeg\u00f3lno\u015bci umieszcza informacje na temat ilo\u015bci uczestnik\u00f3w, uzyskanej liczbie punkt\u00f3w oraz listy uczestnik\u00f3w, kt\u00f3rzy zakwalifikowali si\u0119 do zawod\u00f3w II stopnia. Szkolna komisja zobowi\u0105zana jest do przes\u0142ania protoko\u0142u z zawod\u00f3w niezw\u0142ocznie drog\u0105 elektroniczn\u0105 po jego sporz\u0105dzeniu, na adres mailowy:\u00a0<a href=\"mailto:kontakt@gwiezdnykrag.pl\">kontakt@gwiezdnykrag.pl<\/a>.\u00a0Protok\u00f3\u0142 przed wys\u0142aniem zabezpiecza si\u0119 has\u0142em ustalonym z Komitetem Organizacyjnym.<\/li>\n\n\n\n<li>Komisja szkolna jest uprawniona do wystawiania za\u015bwiadcze\u0144 udzia\u0142u w Olimpiadzie na etapie szkolnym, zgodnie z za\u0142\u0105cznikiem nr 3 Regulaminu.<\/li>\n<\/ol>\n\n\n\n<p><strong>Art. 20.<\/strong>&nbsp;<\/p>\n\n\n\n<ol class=\"wp-block-list\">\n<li>Komitet Organizacyjny, w terminie nie d\u0142u\u017cszym ni\u017c 7 dni od zako\u0144czenia zawod\u00f3w I\u00a0stopnia, umieszcza na stronie internetowej Olimpiady wyniki zawod\u00f3w I stopnia: imi\u0119 i nazwisko uczestnika oraz nazw\u0119 szko\u0142y.<\/li>\n\n\n\n<li>Od publikacji wynik\u00f3w na stronie internetowej w terminie 3 dni, uczestnikowi lub uczestniczce przys\u0142uguje prawo odwo\u0142ania kieruj\u0105c je na adres <a href=\"mailto:kontakt@gwiezdnykrag.pl\">kontakt@gwiezdnykrag.pl<\/a> formu\u0142uj\u0105c w spos\u00f3b zwi\u0119z\u0142y przedmiot naruszenia oraz uzasadnienie. Odwo\u0142anie rozpatruje Komitet Organizacyjny niezw\u0142ocznie.<\/li>\n<\/ol>\n\n\n\n<p><strong>II stopie\u0144 \u2013 okr\u0119gowy<\/strong><\/p>\n\n\n\n<p><strong>Art. 21.<\/strong>&nbsp;Zawody II stopnia przeprowadza Komitet Organizacyjny. II stopie\u0144 Olimpiady odbywa si\u0119 w regionalnych centrach egzaminacyjnych.<\/p>\n\n\n\n<p><strong>Art. 22.<\/strong>&nbsp;Komitet Organizacyjny prowadzi dokumentacj\u0119 zawod\u00f3w II stopnia. Dokumentacja ka\u017cdej edycji Olimpiady przechowywana jest przez dwa lata.<\/p>\n\n\n\n<p><strong>Art. 23.<\/strong>&nbsp;Uczestnicy otrzymaj\u0105 informacj\u0119 dotycz\u0105c\u0105 adresu miejsca, w kt\u00f3rym odbywa\u0107 si\u0119 b\u0119dzie II etap Olimpiady w ich regionie.<\/p>\n\n\n\n<p><strong>Art. 24.<\/strong>&nbsp;<\/p>\n\n\n\n<ol class=\"wp-block-list\">\n<li>Zawody II stopnia Olimpiady polegaj\u0105 na rozwi\u0105zaniu 50 pyta\u0144 zamkni\u0119tych wielokrotnego wyboru. Zagadnienia udost\u0119pnione b\u0119d\u0105 po przeprowadzeniu I etapu.<\/li>\n\n\n\n<li>W zwi\u0105zku z sytuacja pandemiczn\u0105 lub innymi okoliczno\u015bciami niezale\u017cnymi od organizatora test mo\u017ce odby\u0107 si\u0119 na platformie online, forma b\u0119dzie okre\u015blona przed egzaminem.<\/li>\n<\/ol>\n\n\n\n<p><strong>Art. 25.<\/strong>&nbsp;Za prawid\u0142owe rozwi\u0105zanie testu, uczestnik mo\u017ce uzyska\u0107 50 punkt\u00f3w. Za pe\u0142n\u0105 prawid\u0142ow\u0105 odpowied\u017a (zaznaczenie wszystkich prawid\u0142owych odpowiedzi) w ramach jednego pytania uczestnik otrzymuje jeden punkt. Za udzielenie niepe\u0142nej odpowiedzi, b\u0142\u0119dnej odpowiedzi, lub nie udzielenie jej w og\u00f3le uczestnik nie otrzymuje punktu. Test u\u0142o\u017cony jest na podstawie zagadnie\u0144 do\u0142\u0105czonych do Regulaminu Olimpiady (Za\u0142\u0105cznik nr 2).<\/p>\n\n\n\n<p><strong>Art. 26.<\/strong>&nbsp;Na rozwi\u0105zanie testu uczestnik ma 60 minut.<\/p>\n\n\n\n<p><strong>Art. 27.<\/strong>&nbsp;Do zawod\u00f3w III stopnia kwalifikuje si\u0119 50 uczestnik\u00f3w, kt\u00f3rzy uzyskaj\u0105 najwi\u0119ksz\u0105 liczb\u0119 punkt\u00f3w&nbsp; z zawod\u00f3w II stopnia w skali kraju.<\/p>\n\n\n\n<p><strong>Art. 28.<\/strong>&nbsp;W przypadku, gdy na podstawie art. 27 prawo uczestnictwa w zawodach III stopnia uzyska wi\u0119cej ni\u017c 50 uczni\u00f3w, Komitet Organizacyjny podejmuj\u0119 decyzj\u0119 o zwi\u0119kszeniu liczby os\u00f3b uprawnionych do udzia\u0142u w zawodach III stopnia.<\/p>\n\n\n\n<p><strong>Art. 29.<\/strong>&nbsp;Osoby, kt\u00f3re zakwalifikuj\u0105 si\u0119 do zawod\u00f3w III stopnia otrzymuj\u0105 tytu\u0142 finalisty Olimpiady.<\/p>\n\n\n\n<p><strong>Art. 30.<\/strong>&nbsp;<\/p>\n\n\n\n<ol class=\"wp-block-list\">\n<li>Po zako\u0144czeniu zawod\u00f3w II stopnia Komitet Organizacyjny sporz\u0105dza protok\u00f3\u0142, w kt\u00f3rym w szczeg\u00f3lno\u015bci umieszcza informacje na temat ilo\u015bci uczestnik\u00f3w, uzyskanej liczbie punkt\u00f3w oraz listy uczestnik\u00f3w, kt\u00f3rzy zakwalifikowali si\u0119 do zawod\u00f3w III stopnia.<\/li>\n\n\n\n<li>Centrum egzaminacyjne prowadzone przez Europe Direct mo\u017ce wydawa\u0107 za\u015bwiadczenia o udziale uczestnik\u00f3w w etapie okr\u0119gowym (zgodnie z za\u0142\u0105cznikiem nr 4 do Regulaminu), z zastrze\u017ceniem \u017ce tylko Komitet Organizacyjny wydaje za\u015bwiadczenia o uzyskaniu tytu\u0142u finalisty lub laureata.<\/li>\n<\/ol>\n\n\n\n<p><strong>Art. 31.<\/strong>&nbsp;<\/p>\n\n\n\n<ol class=\"wp-block-list\">\n<li>Komitet Organizacyjny publikuje na stronie internetowej list\u0119 uczestnik\u00f3w (imi\u0119 i nazwisko oraz nazw\u0119 szko\u0142y), kt\u00f3rzy zakwalifikowali si\u0119 do zawod\u00f3w III stopnia w terminie 7 dni licz\u0105c od dnia zawod\u00f3w II stopnia, lub od dnia przeprowadzenia dogrywki, je\u017celi takowa si\u0119 odby\u0142a.<\/li>\n\n\n\n<li>Od publikacji wynik\u00f3w na stronie internetowej w terminie 3 dni, uczestnikowi lub uczestniczce przys\u0142uguje prawo odwo\u0142ania kieruj\u0105c je na adres <a href=\"mailto:kontakt@gwiezdnykrag.pl\">kontakt@gwiezdnykrag.pl<\/a> formu\u0142uj\u0105c w spos\u00f3b zwi\u0119z\u0142y przedmiot naruszenia oraz uzasadnienie. Odwo\u0142anie rozpatruje Komitet Organizacyjny niezw\u0142ocznie.<\/li>\n<\/ol>\n\n\n\n<p><strong>III stopie\u0144 \u2013 centralny<\/strong><\/p>\n\n\n\n<p><strong>Art. 32.<\/strong>&nbsp;Zawody III stopnia organizuje Komitet Organizacyjny.<\/p>\n\n\n\n<p><strong>Art. 33.<\/strong>&nbsp;Komitet Organizacyjny prowadzi dokumentacj\u0119 zawod\u00f3w III stopnia.<\/p>\n\n\n\n<p><strong>Art. 34.<\/strong>&nbsp;Sk\u0142ad jury w liczbie 5 os\u00f3b powo\u0142uje Komitet Organizacyjny.<\/p>\n\n\n\n<p><strong>Art. 35.<\/strong>&nbsp;Zawody III stopnia sk\u0142adaj\u0105 si\u0119 z trzech&nbsp;cz\u0119\u015bci:<\/p>\n\n\n\n<ol start=\"1\" class=\"wp-block-list\">\n<li>cz\u0119\u015b\u0107 pierwsza \u2013 test za rozwi\u0105zanie, kt\u00f3rego uczestnik mo\u017ce uzyska\u0107 maksymalnie 200 punkt\u00f3w;<\/li>\n\n\n\n<li>cz\u0119\u015b\u0107 druga \u2013 odpowied\u017a ustna.<\/li>\n\n\n\n<li>cz\u0119\u015b\u0107 trzecia \u2013 debata.<\/li>\n<\/ol>\n\n\n\n<p><strong>Cz\u0119\u015b\u0107 pierwsza \u2013 test<\/strong><\/p>\n\n\n\n<p><strong>Art. 36.<\/strong>&nbsp;Cz\u0119\u015b\u0107 pierwsza sk\u0142ada si\u0119 z testu, przygotowanego przez Komitet Organizacyjny i zaakceptowanych przez Przewodnicz\u0105cego sk\u0142adu jury. Test u\u0142o\u017cony jest na podstawie zagadnie\u0144 do\u0142\u0105czonych do Regulaminu Olimpiady (Za\u0142\u0105cznik nr 2). Test sk\u0142ada si\u0119 z pyta\u0144 otwartych, zamkni\u0119tych jedno i wielokrotnego wyboru, pyta\u0144 problemowych oraz kazusu. Uczestnik, za prawid\u0142owe rozwi\u0105zanie ca\u0142ego testu mo\u017ce otrzyma\u0107 maksymalnie 200 punkt\u00f3w<strong>.<\/strong><\/p>\n\n\n\n<p><strong>Art. 37.<\/strong>&nbsp;Uczestnik Olimpiady na rozwi\u0105zanie testu, o kt\u00f3rym mowa w art. 36 ma 120 minut.<\/p>\n\n\n\n<p><strong>Art. 38.<\/strong>&nbsp;Za prawid\u0142owe rozwi\u0105zanie testu uczestnik mo\u017ce uzyska\u0107 maksymalnie 200 punkt\u00f3w. Warto\u015b\u0107 punktowa poszczeg\u00f3lnych pyta\u0144 zostanie umieszczona na ko\u0144cu ka\u017cdego pytania testowego.<\/p>\n\n\n\n<p><strong>Art. 39.<\/strong>&nbsp;Zawodnicy rozwi\u0105zuj\u0105 test w miejscach do tego wyznaczonych wype\u0142niaj\u0105c go pi\u00f3rem lub d\u0142ugopisem.<\/p>\n\n\n\n<p><strong>Art. 40.<\/strong>&nbsp;Do testu Komitet Organizacyjny do\u0142\u0105czy instrukcj\u0119, zawieraj\u0105c\u0105 zasady rozwi\u0105zywania zada\u0144.<\/p>\n\n\n\n<p><strong>Art. 41.<\/strong>&nbsp;Rozwi\u0105zywanie testu odbywa si\u0119 w warunkach kontrolowanej samodzielno\u015bci. Jury mo\u017ce zdyskwalifikowa\u0107 uczestnika wskutek stwierdzenia udzielania odpowiedzi niesamodzielnie.<\/p>\n\n\n\n<p><strong>Art. 42.<\/strong>&nbsp;Na ka\u017cdej stronie testu, obok rozwi\u0105zania podanego przez uczestnika Olimpiady, jury wpisuje wynik. Sum\u0119 punkt\u00f3w zdobytych przez uczestnika umieszcza na ostatniej i pierwszej stronie testu w wyznaczonych do tego celu miejscach. W tym\u017ce miejscu podpisy sk\u0142ada dw\u00f3ch cz\u0142onk\u00f3w sk\u0142adu jurorskiego sprawdzaj\u0105cych test.<\/p>\n\n\n\n<p><strong>Art. 43.<\/strong>&nbsp;<\/p>\n\n\n\n<ol class=\"wp-block-list\">\n<li>Do kolejnych cz\u0119\u015bci fina\u0142u zakwalifikuje si\u0119 10 uczestnik\u00f3w, kt\u00f3rzy uzyskaj\u0105 najwi\u0119ksz\u0105 liczb\u0119 punkt\u00f3w z testu, o kt\u00f3rym mowa w art. 36. Je\u017celi wi\u0119cej ni\u017c jedna osoba uzyska\u0142a wynik zapewniaj\u0105cy 10 miejsce, jako dodatkowe kryterium rozstrzygaj\u0105ce stosuje si\u0119 wynik testu z zawod\u00f3w II stopnia. Wyniki testu zostan\u0105 opublikowane na stronie internetowej.<\/li>\n\n\n\n<li>Od publikacji wynik\u00f3w na stronie internetowej w terminie 3 dni, uczestnikowi lub uczestniczce przys\u0142uguje prawo odwo\u0142ania kieruj\u0105c je na adres <a href=\"mailto:kontakt@gwiezdnykrag.pl\">kontakt@gwiezdnykrag.pl<\/a> formu\u0142uj\u0105c w spos\u00f3b zwi\u0119z\u0142y przedmiot naruszenia oraz uzasadnienie. Odwo\u0142anie rozpatruje Komitet Organizacyjny niezw\u0142ocznie.<\/li>\n\n\n\n<li>Po zako\u0144czeniu cz\u0119\u015bci pierwszej, jury sporz\u0105dza raport cz\u0119\u015bciowy.<\/li>\n\n\n\n<li>Osoby, kt\u00f3re zakwalifikuj\u0105 si\u0119 do kolejnych cz\u0119\u015bci fina\u0142u zgodnie z ust. 1, uzyskuj\u0105 tytu\u0142 laureata Olimpiady.<\/li>\n<\/ol>\n\n\n\n<p><strong>Cz\u0119\u015b\u0107 druga \u2013 odpowied\u017a ustna<\/strong><\/p>\n\n\n\n<p><strong>Art. 44.<\/strong>&nbsp;Druga cz\u0119\u015b\u0107 zawod\u00f3w III stopnia sk\u0142ada si\u0119 z odpowiedzi ustnej na trzy pytania wylosowane w ramach jednego pakietu. Pakiet zawiera pytanie z zagadnie\u0144 instytucjonalnych, pytanie z systemu prawa Unii Europejskiej i pytanie z polityk Unii Europejskiej.<\/p>\n\n\n\n<p><strong>Art. 45.<\/strong>&nbsp;Uczestnik po wylosowaniu pakietu pyta\u0144 ma 5 minut na przygotowanie si\u0119 do odpowiedzi. Wyboru kolejno\u015bci odpowiedzi na wylosowane pytania dokonuje uczestnik Olimpiady.<\/p>\n\n\n\n<p><strong>Art. 46.<\/strong>&nbsp;Za pe\u0142n\u0105 odpowied\u017a na ka\u017cde z zadanych pyta\u0144 uczestnik otrzymuje 40 punkt\u00f3w.<\/p>\n\n\n\n<p><strong>Art. 47.<\/strong>&nbsp;Uczestnicy odpowiadaj\u0105 pojedynczo przed ca\u0142ym sk\u0142adem jury.<\/p>\n\n\n\n<p><strong>Art. 48.<\/strong>&nbsp;Po zako\u0144czeniu cz\u0119\u015bci drugiej jury dokonuje zsumowania punkt\u00f3w uzyskanych przez poszczeg\u00f3lnych uczestnik\u00f3w Olimpiady, a Przewodnicz\u0105cy sporz\u0105dza raport ko\u0144cowy i protok\u00f3\u0142 z&nbsp;posiedzenia jury.<\/p>\n\n\n\n<p><strong>Art. 49.<\/strong>&nbsp;Po sporz\u0105dzeniu raportu ko\u0144cowego przez Przewodnicz\u0105cego, nie ma mo\u017cliwo\u015bci wnie\u015b\u0107 zastrze\u017ce\u0144 do przeprowadzonej konkurencji.<\/p>\n\n\n\n<p><strong>Cz\u0119\u015b\u0107 trzecia \u2013 debata<\/strong><\/p>\n\n\n\n<p><strong>Art. 50.<\/strong>&nbsp;Cz\u0119\u015b\u0107 trzecia zawod\u00f3w III stopnia sk\u0142ada si\u0119 z debaty, w kt\u00f3rej bior\u0105 udzia\u0142 wszyscy uczestnicy.<\/p>\n\n\n\n<p><strong>Art. 51.<\/strong>&nbsp;Debata sk\u0142ada si\u0119 z trzech cz\u0119\u015bci: pierwszej swobodnej wypowiedzi nieprzekraczaj\u0105cej 5 minut, drugiej odpowiedzi na pytania prowadz\u0105cego, trzeciej odpowiedzi na pytania publiczno\u015bci.<\/p>\n\n\n\n<p><strong>Art. 52.<\/strong>&nbsp;Ka\u017cdy z uczestnik\u00f3w mo\u017ce uzyska\u0107 maksymalnie 80 punkt\u00f3w.<\/p>\n\n\n\n<p><strong>Art. 53.<\/strong>&nbsp;Jury b\u0119dzie ocenia\u0142o zawodnik\u00f3w zgodnie z kart\u0105 oceny.<\/p>\n\n\n\n<p><strong>Art. 54.<\/strong>&nbsp;Og\u0142oszenie wynik\u00f3w nast\u0119puje w dniu nast\u0119pnym, podczas Uroczystej Gali Wr\u0119czenia Nagr\u00f3d. Wyniki s\u0105 ostateczne i nie s\u0142u\u017cy od nich odwo\u0142anie.<\/p>\n\n\n\n<p class=\"has-text-align-center\"><strong>Rozdzia\u0142 III<\/strong><\/p>\n\n\n\n<p class=\"has-text-align-center\"><strong>Ochrona danych osobowych<\/strong><\/p>\n\n\n\n<p><strong>Art. 55.<\/strong>&nbsp;Na etapie szkolnym administratorem danych osobowych jest ka\u017cda szko\u0142a, kt\u00f3ra zadeklaruje uczestnictwo w Olimpiadzie.<\/p>\n\n\n\n<p><strong>Art. 56.<\/strong>&nbsp;Szko\u0142a jako administrator danych osobowych:<\/p>\n\n\n\n<ol start=\"1\" class=\"wp-block-list\">\n<li>Spe\u0142nia obowi\u0105zek informacyjny wobec os\u00f3b, kt\u00f3rych dane osobowe b\u0119d\u0105 przetwarzane.<\/li>\n\n\n\n<li>Upowa\u017cnia do przetwarzania danych osobowych cz\u0142onk\u00f3w Szkolnej Komisji.<\/li>\n\n\n\n<li>Zbiera dane osobowe na kartach zg\u0142oszenia uczni\u00f3w do Olimpiady.<\/li>\n\n\n\n<li>Odpowiada za ochron\u0119 danych osobowych zgodnie z zasadami RODO.<\/li>\n<\/ol>\n\n\n\n<p><strong>Art. 57.<\/strong>&nbsp;Szko\u0142a przekazuje wyniki I etapu (imi\u0119 i nazwisko oraz nazw\u0119 szko\u0142y) do S\u0142upskiego Instytutu ds. M\u0142odzie\u017cy, kt\u00f3ra na tym etapie jest administratorem danych osobowych oraz przechowuje je do czasu przekazania do Komisji Europejskiej Przedstawicielstwo w Polsce.<\/p>\n\n\n\n<p><strong>Art. 58.<\/strong>&nbsp;Na etapie okr\u0119gowym i fina\u0142owym administratorem danych osobowych jest Komisja Europejska Przedstawicielstwo w Polsce.<\/p>\n\n\n\n<p><strong>Art. 59.<\/strong>&nbsp;Komisja Europejska Przedstawicielstwo w Polsce jako administrator danych osobowych:<\/p>\n\n\n\n<ol start=\"1\" class=\"wp-block-list\">\n<li>Spe\u0142nia obowi\u0105zek informacyjny wobec uczni\u00f3w, kt\u00f3rzy przejd\u0105 do stopnia okr\u0119gowego i fina\u0142owego.<\/li>\n\n\n\n<li>Upowa\u017cni do przetwarzania danych osobowych Komisj\u0119 organizuj\u0105c\u0105 zawody II stopnia w regionalnych centrach egzaminacyjnych.<\/li>\n\n\n\n<li>Odpowiada za ochron\u0119 danych osobowych zgodnie z zasadami RODO.<\/li>\n<\/ol>\n\n\n\n<p><strong>Art. 60.<\/strong>&nbsp;Podstaw\u0105 przetwarzania danych osobowych uczestnik\u00f3w Olimpiady jest zgodnie z art. 6 ust. 1 lit. e) Rozporz\u0105dzenia Parlamentu Europejskiego i Rady (UE) 2016\/679 z dnia 27 kwietnia 2016 roku w sprawie ochrony os\u00f3b fizycznych w zwi\u0105zku z przetwarzaniem danych osobowych i w sprawie swobodnego przep\u0142ywu takich danych oraz uchylenia dyrektywy 95\/46\/WE (RODO), czyli realizacja w interesie publicznym na podstawie Rozporz\u0105dzenie Ministra Edukacji Narodowej I Sportu z dnia 29 stycznia 2002 roku w sprawie organizacji oraz sposobu przeprowadzania konkurs\u00f3w, turniej\u00f3w i olimpiad, a po zako\u0144czeniu Olimpiady zgodnie z art. 6 ust. 1 lit. c) RODO realizacja obowi\u0105zku prawnego w zwi\u0105zku z ustaw\u0105 z dnia 14 lipca 1983 r. o narodowym zasobie archiwalnym i archiwach.<\/p>\n\n\n\n<p><strong>Art. 61.<\/strong>&nbsp;Brak zgody uczestnika\/ rodzica\/opiekuna prawnego na upublicznianie wizerunku jest podstaw\u0105 do niedopuszczenia uczestnika do Olimpiady.<\/p>\n\n\n\n<p class=\"has-text-align-center\"><strong>Rozdzia\u0142 IV<\/strong><\/p>\n\n\n\n<p class=\"has-text-align-center\"><strong>Postanowienia ko\u0144cowe<\/strong><\/p>\n\n\n\n<p><strong>Art. 62.<\/strong>\u00a0Komitet Organizacyjny ma prawo dokonywania zmian w Regulaminie podczas trwania Olimpiady, w zakresie postanowie\u0144 niesprzecznych z Rozporz\u0105dzeniem Ministra Edukacji Narodowej i Sportu z dnia 29 stycznia 2002 roku\u00a0<em>w sprawie organizacji oraz sposobu przeprowadzania konkurs\u00f3w, turniej\u00f3w i olimpiad<\/em>. Zmiany, kt\u00f3rych dokonuje Komitet Organizacyjny wymagaj\u0105 akceptacji Organizatora.<\/p>\n\n\n\n<p><strong>Art. 63.<\/strong>&nbsp;Na podstawie \u00a713 ust. 1 Rozporz\u0105dzenia Ministra Edukacji Narodowej&nbsp; i Sportu z dnia 29 stycznia 2002 roku&nbsp;<em>w sprawie organizacji oraz sposoby przeprowadzania konkurs\u00f3w, turniej\u00f3w i&nbsp;olimpiad<\/em>&nbsp;wydaje za\u015bwiadczenia, kt\u00f3rego wz\u00f3r do\u0142\u0105czony jest do Regulaminu.<\/p>\n\n\n\n<p><strong>Art. 64.<\/strong>&nbsp;Organizator zastrzega sobie prawo do zmian w przebiegu wydarze\u0144 lub odwo\u0142ania ich z uzasadnionych, wa\u017cnych powod\u00f3w, np. si\u0142a wy\u017csza czy panuj\u0105ca pandemia, bez wcze\u015bniejszego uprzedzenia. Organizator nie b\u0119dzie zobowi\u0105zany z tego tytu\u0142u do \u017cadnej rekompensaty.<\/p>\n\n\n\n<p><strong>Art. 65.<\/strong>&nbsp;Kontakt z Organizatorami:<\/p>\n\n\n\n<p>e-mail:&nbsp;<a href=\"mailto:kontakt@gwiezdnykrag.pl\">kontakt@gwiezdnykrag.pl<\/a><\/p>\n\n\n\n<p><a href=\"https:\/\/www.gwiezdnykrag.pl\/\">www.gwiezdnykrag.pl<\/a><\/p>\n\n\n\n\n\n<p>tel. 797&nbsp;274 316<\/p>\n\n\n\n<p><\/p>\n","protected":false},"excerpt":{"rendered":"<p>REGULAMIN XXI Og\u00f3lnopolskiej Olimpiady Wiedzy o Unii Europejskiej \u201eGWIEZDNY KR\u0104G\u201d Rozdzia\u0142 I Postanowienia og\u00f3lne Art. 1.&nbsp;Podstaw\u0105 przeprowadzenia Og\u00f3lnopolskiej Olimpiady Wiedzy o Unii Europejskiej \u201eGwiezdny Kr\u0105g\u201d jest Rozporz\u0105dzenie Ministra Edukacji Narodowej i Sportu z 29 stycznia 2002 roku&nbsp;w sprawie organizacji oraz sposobu przeprowadzenia konkurs\u00f3w, turniej\u00f3w i olimpiad. Art. 2.&nbsp; Art. 3.&nbsp;Do udzia\u0142u w organizowaniu Olimpiady zaproszeni [&hellip;]<\/p>\n","protected":false},"author":1,"featured_media":0,"parent":0,"menu_order":0,"comment_status":"closed","ping_status":"closed","template":"","meta":{"footnotes":""},"class_list":["post-478","page","type-page","status-publish","hentry"],"_links":{"self":[{"href":"https:\/\/gwiezdnykrag.pl\/index.php\/wp-json\/wp\/v2\/pages\/478","targetHints":{"allow":["GET"]}}],"collection":[{"href":"https:\/\/gwiezdnykrag.pl\/index.php\/wp-json\/wp\/v2\/pages"}],"about":[{"href":"https:\/\/gwiezdnykrag.pl\/index.php\/wp-json\/wp\/v2\/types\/page"}],"author":[{"embeddable":true,"href":"https:\/\/gwiezdnykrag.pl\/index.php\/wp-json\/wp\/v2\/users\/1"}],"replies":[{"embeddable":true,"href":"https:\/\/gwiezdnykrag.pl\/index.php\/wp-json\/wp\/v2\/comments?post=478"}],"version-history":[{"count":15,"href":"https:\/\/gwiezdnykrag.pl\/index.php\/wp-json\/wp\/v2\/pages\/478\/revisions"}],"predecessor-version":[{"id":1391,"href":"https:\/\/gwiezdnykrag.pl\/index.php\/wp-json\/wp\/v2\/pages\/478\/revisions\/1391"}],"wp:attachment":[{"href":"https:\/\/gwiezdnykrag.pl\/index.php\/wp-json\/wp\/v2\/media?parent=478"}],"curies":[{"name":"wp","href":"https:\/\/api.w.org\/{rel}","templated":true}]}}