{"id":46,"date":"2022-01-29T02:05:30","date_gmt":"2022-01-29T01:05:30","guid":{"rendered":"http:\/\/serwer2068585.home.pl\/autoinstalator\/wordpress1\/?page_id=46"},"modified":"2022-01-29T02:07:51","modified_gmt":"2022-01-29T01:07:51","slug":"organizatorzy","status":"publish","type":"page","link":"https:\/\/gwiezdnykrag.pl\/index.php\/organizatorzy\/","title":{"rendered":"Organizatorzy"},"content":{"rendered":"\n<h1 class=\"wp-block-heading\" id=\"organizatorzy\">Organizatorzy:<\/h1>\n\n\n\n<div class=\"wp-block-image\"><figure class=\"aligncenter size-full\"><img decoding=\"async\" src=\"http:\/\/serwer2068585.home.pl\/autoinstalator\/wordpress1\/wp-content\/uploads\/2022\/01\/EC_REP_WAW_PL_horizontal_NONTRANSP.jpg\" alt=\"\" class=\"wp-image-57\"\/><\/figure><\/div>\n\n\n\n<h2 class=\"wp-block-heading\" id=\"przedstawicielstwo-komisji-europejskiej-w-polsce\">Przedstawicielstwo Komisji Europejskiej w Polsce<\/h2>\n\n\n\n<p>Przedstawicielstwo jest biurem Komisji Europejskiej w Polsce z siedzib\u0105 w Warszawie.<\/p>\n\n\n\n<p>Naszym zadaniem jest:<\/p>\n\n\n\n<ul class=\"wp-block-list\"><li>obja\u015bnianie wp\u0142ywu polityki UE na \u017cycie obywateli w Polsce<\/li><li>udzielanie polskiemu rz\u0105dowi oraz innym organom i zainteresowanym stronom w Polsce informacji o UE<\/li><li>oferowanie informacji s\u0142u\u017cbom prasowym i medialnym w Polsce na temat aktualnej polityki UE<\/li><li>reprezentowanie Komisji Europejskiej w Polsce<\/li><li>informowanie Komisji Europejskiej w Brukseli na temat aktualnej sytuacji politycznej, gospodarczej i spo\u0142ecznej w Polsce.<\/li><\/ul>\n\n\n\n<p>Komisja ma swoje przedstawicielstwa we wszystkich 28 pa\u0144stwach cz\u0142onkowskich UE, a tak\u017ce przedstawicielstwa regionalne w Barcelonie, Belfa\u015bcie, Bonn, Cardiff, Edynburgu, Marsylii, Mediolanie, Monachium i Wroc\u0142awiu. Informuj\u0105 one media i spo\u0142ecze\u0144stwo o polityce UE oraz powiadamiaj\u0105 Komisj\u0119 Europejsk\u0105 o wa\u017cnych wydarzeniach w kraju.<\/p>\n\n\n\n<p>Wi\u0119cej informacji:\u00a0<a href=\"https:\/\/web.archive.org\/web\/20210305011801\/https:\/\/ec.europa.eu\/poland\/\">https:\/\/ec.europa.eu\/poland\/<\/a><\/p>\n\n\n\n<div class=\"wp-block-image\"><figure class=\"aligncenter size-large\"><img decoding=\"async\" src=\"http:\/\/serwer2068585.home.pl\/autoinstalator\/wordpress1\/wp-content\/uploads\/2022\/01\/logo-bipe-nowe-1024x424.jpg\" alt=\"\" class=\"wp-image-58\"\/><\/figure><\/div>\n\n\n\n<h2 class=\"wp-block-heading\" id=\"biuro-informacyjne-parlamentu-europejskiego-w-polsce\">Biuro Informacyjne Parlamentu Europejskiego w Polsce<\/h2>\n\n\n\n<p>Najlepszymi ambasadorami Parlamentu Europejskiego w Polsce s\u0105 nasi europos\u0142owie, kt\u00f3rzy informuj\u0105 wyborc\u00f3w o swoich dzia\u0142aniach. Ale biuro informacyjne te\u017c spe\u0142nia wa\u017cn\u0105 rol\u0119, wspieraj\u0105c pos\u0142\u00f3w, przybli\u017caj\u0105c Polakom ide\u0119 jedynego na \u015bwiecie parlamentu, kt\u00f3rego cz\u0142onkowie reprezentuj\u0105 interesy ponad 500 milion\u00f3w obywateli 28 pa\u0144stw.<\/p>\n\n\n\n<p>Nasze biuro:<\/p>\n\n\n\n<ul class=\"wp-block-list\"><li>informuje o Unii Europejskiej, a w szczeg\u00f3lno\u015bci o Parlamencie Europejskim i jego dzia\u0142aniach, debatach, decyzjach, w tym o inicjatywach polskich europos\u0142\u00f3w i zajmowanych przez nich stanowiskach;<\/li><li>uczestniczy w inspirowaniu debaty o integracji europejskiej w Polsce, organizuj\u0105c i wspieraj\u0105c konkursy, konferencje, seminaria, lekcje o UE w ca\u0142ej Polsce;<\/li><li>pomaga mediom w informowaniu o UE i Parlamencie Europejskim, zach\u0119ca do produkcji program\u00f3w radiowych i telewizyjnych czy wk\u0142adek tematycznych; zaprasza dziennikarzy na sesje PE w Strasburgu czy Brukseli i na seminaria po\u015bwi\u0119cone konkretnym problemom omawianym przez PE;<\/li><li>utrzymuje kontakty z innymi \u015brodowiskami opiniotw\u00f3rczymi, w tym akademickimi, eksperckimi, pomagaj\u0105c im w uzyskiwaniu informacji i dokument\u00f3w PE i w debatach na tematy unijne;<\/li><li>wsp\u00f3\u0142pracuje w powy\u017cszych dzia\u0142aniach z Sejmem i Senatem oraz innymi w\u0142adzami polskimi na szczeblu centralnym, regionalnym i lokalnym, a tak\u017ce z przedstawicielstwem Komisji Europejskiej w Polsce;<\/li><li>wspiera logistycznie oficjalne delegacje Parlamentu Europejskiego przebywaj\u0105ce w Polsce i w miar\u0119 mo\u017cliwo\u015bci r\u00f3wnie\u017c polskich europos\u0142\u00f3w w kraju, zw\u0142aszcza tych, kt\u00f3rzy nie maj\u0105 biur poselskich w Warszawie;<\/li><li>informuje Parlament Europejski o sytuacji w Polsce, m.in. poprzez przygotowanie codziennych przegl\u0105d\u00f3w polskiej prasy.<\/li><\/ul>\n\n\n\n<p>Wi\u0119cej informacji:&nbsp;http:\/\/www.europarl.europa.eu\/poland<\/p>\n\n\n\n<div class=\"wp-block-image\"><figure class=\"aligncenter size-full\"><img loading=\"lazy\" decoding=\"async\" width=\"400\" height=\"344\" src=\"http:\/\/serwer2068585.home.pl\/autoinstalator\/wordpress1\/wp-content\/uploads\/2022\/01\/ED.jpg\" alt=\"\" class=\"wp-image-59\" srcset=\"https:\/\/gwiezdnykrag.pl\/wp-content\/uploads\/2022\/01\/ED.jpg 400w, https:\/\/gwiezdnykrag.pl\/wp-content\/uploads\/2022\/01\/ED-300x258.jpg 300w, https:\/\/gwiezdnykrag.pl\/wp-content\/uploads\/2022\/01\/ED-100x86.jpg 100w, https:\/\/gwiezdnykrag.pl\/wp-content\/uploads\/2022\/01\/ED-275x237.jpg 275w\" sizes=\"auto, (max-width: 400px) 100vw, 400px\" \/><\/figure><\/div>\n\n\n\n<h2 class=\"wp-block-heading\" id=\"siec-informacyjna-europe-direct-w-polsce\">Sie\u0107 Informacyjna Europe Direct w Polsce<\/h2>\n\n\n\n<p>Sie\u0107&nbsp;<strong>Europe Direct<\/strong>&nbsp;oferuje obywatelom cztery bezp\u0142atne us\u0142ugi:<\/p>\n\n\n\n<p>Centralny punkt kontaktowy Europe Direct, dzia\u0142aj\u0105cy na terenie ca\u0142ej Unii, udziela informacji na temat wszystkich kwestii zwi\u0105zanych z UE \u2013 przez telefon oraz drog\u0105 mailow\u0105.<\/p>\n\n\n\n<p>Biura Europe Direct dzia\u0142aj\u0105 jako lokalne punkty kontaktowe. Dostarczaj\u0105 informacji i odpowiadaj\u0105 na pytania zwi\u0105zane z Uni\u0105 Europejsk\u0105. Odpowiedzi udzielane s\u0105 bezpo\u015brednio i uwzgl\u0119dniaj\u0105 lokalne uwarunkowania.<\/p>\n\n\n\n<p>Odpowiednio przeszkolony personel organizuje r\u00f3wnie\u017c spotkania informacyjne w szko\u0142ach oraz debaty z udzia\u0142em lokalnych i regionalnych polityk\u00f3w, a tak\u017ce reprezentuje UE np. podczas targ\u00f3w. Dzi\u0119ki ponad milionowi pyta\u0144, kt\u00f3re ka\u017cdego roku s\u0105 kierowane do punkt\u00f3w informacyjnych, unijni decydenci maj\u0105 r\u00f3wnie\u017c okazj\u0119 pozna\u0107 potrzeby i obawy obywateli.<\/p>\n\n\n\n<p><strong>Centra Dokumentacji Europejskiej<\/strong>&nbsp;promuj\u0105 wiedz\u0119 i badania naukowe na temat integracji UE. Oferuj\u0105 szeroki zbi\u00f3r publikacji na tematy europejskie oraz zach\u0119caj\u0105 \u015brodowiska naukowe, by w\u0142\u0105czy\u0142y si\u0119 w debat\u0119 na temat Europy.<\/p>\n\n\n\n<p><strong>Team Europe<\/strong>, trzecia sie\u0107 informacyjna dzia\u0142aj\u0105ca pod szyldem Europe Direct, to grupa ekspert\u00f3w wsp\u00f3\u0142pracuj\u0105ca z Przedstawicielstwem Komisji Europejskiej w Polsce.<\/p>\n\n\n\n<p>Tworz\u0105 j\u0105 specjali\u015bci zajmuj\u0105cy si\u0119 wieloma aspektami polityki europejskiej \u2013 prawnicy, ekonomi\u015bci, politolodzy, historycy, socjologowie. Cz\u0142onkowie TE uczestnicz\u0105 w debatach i konferencjach, bior\u0105 udzia\u0142 w programach radiowych i telewizyjnych. Zainteresowane instytucje i organizacje mog\u0105 zwraca\u0107 si\u0119 do nich, aby uzyska\u0107 eksperck\u0105 wiedz\u0119 lub analiz\u0119 na konkretny temat.<\/p>\n\n\n\n<p>Wi\u0119cej informacji:&nbsp;https:\/\/ec.europa.eu\/poland\/services\/contact-points_pl<\/p>\n\n\n\n<h1 class=\"wp-block-heading\" id=\"partnerzy\">Partnerzy:<\/h1>\n\n\n\n<div class=\"wp-block-image\"><figure class=\"aligncenter size-full\"><img loading=\"lazy\" decoding=\"async\" width=\"300\" height=\"147\" src=\"http:\/\/serwer2068585.home.pl\/autoinstalator\/wordpress1\/wp-content\/uploads\/2022\/01\/Pomorskie_stowarzyszenie_pomorskie_w_UE-300x147-1.png\" alt=\"\" class=\"wp-image-60\" srcset=\"https:\/\/gwiezdnykrag.pl\/wp-content\/uploads\/2022\/01\/Pomorskie_stowarzyszenie_pomorskie_w_UE-300x147-1.png 300w, https:\/\/gwiezdnykrag.pl\/wp-content\/uploads\/2022\/01\/Pomorskie_stowarzyszenie_pomorskie_w_UE-300x147-1-100x49.png 100w, https:\/\/gwiezdnykrag.pl\/wp-content\/uploads\/2022\/01\/Pomorskie_stowarzyszenie_pomorskie_w_UE-300x147-1-275x135.png 275w\" sizes=\"auto, (max-width: 300px) 100vw, 300px\" \/><\/figure><\/div>\n\n\n\n<h2 class=\"wp-block-heading\" id=\"stowarzyszenie-pomorskie-w-unii-europejskiej\">Stowarzyszenie \u201cPomorskie w Unii Europejskiej\u201d<\/h2>\n\n\n\n<p>Stowarzyszenie \u201cPomorskie w Unii Europejskiej\u201d jest form\u0105 partnerstwa regionalnego samorz\u0105d\u00f3w wojew\u00f3dztwa pomorskiego, uczelni oraz innych instytucji dzia\u0142aj\u0105cych na rzecz wszechstronnego i efektywnego rozwoju Wojew\u00f3dztwa Pomorskiego oraz kreowania jego pozytywnego wizerunku zar\u00f3wno w Polsce jak i ca\u0142ej Europie.<\/p>\n\n\n\n<p>Stowarzyszenie, utworzone w 2004 roku,&nbsp;realizuje swoje zadania za pomoc\u0105 Biura Regionalnego Wojew\u00f3dztwa Pomorskiego w Brukseli oraz Biura Miejscowego w Gda\u0144sku. Powo\u0142anie tych instytucji jest odpowiedzi\u0105 na coraz wi\u0119ksze znaczenie polityk regionalnych w Unii Europejskiej i potrzeb\u0119 bezpo\u015bredniego nawi\u0105zywania kontakt\u00f3w na arenie europejskiej.<\/p>\n\n\n\n<p>Wi\u0119cej:&nbsp;<a href=\"https:\/\/web.archive.org\/web\/20210305011801\/https:\/\/pomorskieregion.eu\/\">https:\/\/pomorskieregion.eu\/<\/a><\/p>\n","protected":false},"excerpt":{"rendered":"<p>Organizatorzy: Przedstawicielstwo Komisji Europejskiej w Polsce Przedstawicielstwo jest biurem Komisji Europejskiej w Polsce z siedzib\u0105 w Warszawie. Naszym zadaniem jest: obja\u015bnianie wp\u0142ywu polityki UE na \u017cycie obywateli w Polsce udzielanie polskiemu rz\u0105dowi oraz innym organom i zainteresowanym stronom w Polsce informacji o UE oferowanie informacji s\u0142u\u017cbom prasowym i medialnym w Polsce na temat aktualnej polityki [&hellip;]<\/p>\n","protected":false},"author":1,"featured_media":0,"parent":0,"menu_order":0,"comment_status":"closed","ping_status":"closed","template":"page-templates\/page_fullwidth.php","meta":{"footnotes":""},"class_list":["post-46","page","type-page","status-publish","hentry"],"_links":{"self":[{"href":"https:\/\/gwiezdnykrag.pl\/index.php\/wp-json\/wp\/v2\/pages\/46","targetHints":{"allow":["GET"]}}],"collection":[{"href":"https:\/\/gwiezdnykrag.pl\/index.php\/wp-json\/wp\/v2\/pages"}],"about":[{"href":"https:\/\/gwiezdnykrag.pl\/index.php\/wp-json\/wp\/v2\/types\/page"}],"author":[{"embeddable":true,"href":"https:\/\/gwiezdnykrag.pl\/index.php\/wp-json\/wp\/v2\/users\/1"}],"replies":[{"embeddable":true,"href":"https:\/\/gwiezdnykrag.pl\/index.php\/wp-json\/wp\/v2\/comments?post=46"}],"version-history":[{"count":3,"href":"https:\/\/gwiezdnykrag.pl\/index.php\/wp-json\/wp\/v2\/pages\/46\/revisions"}],"predecessor-version":[{"id":62,"href":"https:\/\/gwiezdnykrag.pl\/index.php\/wp-json\/wp\/v2\/pages\/46\/revisions\/62"}],"wp:attachment":[{"href":"https:\/\/gwiezdnykrag.pl\/index.php\/wp-json\/wp\/v2\/media?parent=46"}],"curies":[{"name":"wp","href":"https:\/\/api.w.org\/{rel}","templated":true}]}}

<h1 class="wp-block-heading" id="organizatorzy">Organizatorzy:</h1>



<div class="wp-block-image"><figure class="aligncenter size-full"><img decoding="async" src="http://serwer2068585.home.pl/autoinstalator/wordpress1/wp-content/uploads/2022/01/EC_REP_WAW_PL_horizontal_NONTRANSP.jpg" alt="" class="wp-image-57"/></figure></div>



<h2 class="wp-block-heading" id="przedstawicielstwo-komisji-europejskiej-w-polsce">Przedstawicielstwo Komisji Europejskiej w Polsce</h2>



<p>Przedstawicielstwo jest biurem Komisji Europejskiej w Polsce z siedzibą w Warszawie.</p>



<p>Naszym zadaniem jest:</p>



<ul class="wp-block-list"><li>objaśnianie wpływu polityki UE na życie obywateli w Polsce</li><li>udzielanie polskiemu rządowi oraz innym organom i zainteresowanym stronom w Polsce informacji o UE</li><li>oferowanie informacji służbom prasowym i medialnym w Polsce na temat aktualnej polityki UE</li><li>reprezentowanie Komisji Europejskiej w Polsce</li><li>informowanie Komisji Europejskiej w Brukseli na temat aktualnej sytuacji politycznej, gospodarczej i społecznej w Polsce.</li></ul>



<p>Komisja ma swoje przedstawicielstwa we wszystkich 28 państwach członkowskich UE, a także przedstawicielstwa regionalne w Barcelonie, Belfaście, Bonn, Cardiff, Edynburgu, Marsylii, Mediolanie, Monachium i Wrocławiu. Informują one media i społeczeństwo o polityce UE oraz powiadamiają Komisję Europejską o ważnych wydarzeniach w kraju.</p>



<p>Więcej informacji: <a href="https://web.archive.org/web/20210305011801/https://ec.europa.eu/poland/">https://ec.europa.eu/poland/</a></p>



<div class="wp-block-image"><figure class="aligncenter size-large"><img decoding="async" src="http://serwer2068585.home.pl/autoinstalator/wordpress1/wp-content/uploads/2022/01/logo-bipe-nowe-1024x424.jpg" alt="" class="wp-image-58"/></figure></div>



<h2 class="wp-block-heading" id="biuro-informacyjne-parlamentu-europejskiego-w-polsce">Biuro Informacyjne Parlamentu Europejskiego w Polsce</h2>



<p>Najlepszymi ambasadorami Parlamentu Europejskiego w Polsce są nasi europosłowie, którzy informują wyborców o swoich działaniach. Ale biuro informacyjne też spełnia ważną rolę, wspierając posłów, przybliżając Polakom ideę jedynego na świecie parlamentu, którego członkowie reprezentują interesy ponad 500 milionów obywateli 28 państw.</p>



<p>Nasze biuro:</p>



<ul class="wp-block-list"><li>informuje o Unii Europejskiej, a w szczególności o Parlamencie Europejskim i jego działaniach, debatach, decyzjach, w tym o inicjatywach polskich europosłów i zajmowanych przez nich stanowiskach;</li><li>uczestniczy w inspirowaniu debaty o integracji europejskiej w Polsce, organizując i wspierając konkursy, konferencje, seminaria, lekcje o UE w całej Polsce;</li><li>pomaga mediom w informowaniu o UE i Parlamencie Europejskim, zachęca do produkcji programów radiowych i telewizyjnych czy wkładek tematycznych; zaprasza dziennikarzy na sesje PE w Strasburgu czy Brukseli i na seminaria poświęcone konkretnym problemom omawianym przez PE;</li><li>utrzymuje kontakty z innymi środowiskami opiniotwórczymi, w tym akademickimi, eksperckimi, pomagając im w uzyskiwaniu informacji i dokumentów PE i w debatach na tematy unijne;</li><li>współpracuje w powyższych działaniach z Sejmem i Senatem oraz innymi władzami polskimi na szczeblu centralnym, regionalnym i lokalnym, a także z przedstawicielstwem Komisji Europejskiej w Polsce;</li><li>wspiera logistycznie oficjalne delegacje Parlamentu Europejskiego przebywające w Polsce i w miarę możliwości również polskich europosłów w kraju, zwłaszcza tych, którzy nie mają biur poselskich w Warszawie;</li><li>informuje Parlament Europejski o sytuacji w Polsce, m.in. poprzez przygotowanie codziennych przeglądów polskiej prasy.</li></ul>



<p>Więcej informacji:&nbsp;http://www.europarl.europa.eu/poland</p>



<div class="wp-block-image"><figure class="aligncenter size-full"><img loading="lazy" decoding="async" width="400" height="344" src="http://serwer2068585.home.pl/autoinstalator/wordpress1/wp-content/uploads/2022/01/ED.jpg" alt="" class="wp-image-59" srcset="https://gwiezdnykrag.pl/wp-content/uploads/2022/01/ED.jpg 400w, https://gwiezdnykrag.pl/wp-content/uploads/2022/01/ED-300x258.jpg 300w, https://gwiezdnykrag.pl/wp-content/uploads/2022/01/ED-100x86.jpg 100w, https://gwiezdnykrag.pl/wp-content/uploads/2022/01/ED-275x237.jpg 275w" sizes="auto, (max-width: 400px) 100vw, 400px" /></figure></div>



<h2 class="wp-block-heading" id="siec-informacyjna-europe-direct-w-polsce">Sieć Informacyjna Europe Direct w Polsce</h2>



<p>Sieć&nbsp;<strong>Europe Direct</strong>&nbsp;oferuje obywatelom cztery bezpłatne usługi:</p>



<p>Centralny punkt kontaktowy Europe Direct, działający na terenie całej Unii, udziela informacji na temat wszystkich kwestii związanych z UE – przez telefon oraz drogą mailową.</p>



<p>Biura Europe Direct działają jako lokalne punkty kontaktowe. Dostarczają informacji i odpowiadają na pytania związane z Unią Europejską. Odpowiedzi udzielane są bezpośrednio i uwzględniają lokalne uwarunkowania.</p>



<p>Odpowiednio przeszkolony personel organizuje również spotkania informacyjne w szkołach oraz debaty z udziałem lokalnych i regionalnych polityków, a także reprezentuje UE np. podczas targów. Dzięki ponad milionowi pytań, które każdego roku są kierowane do punktów informacyjnych, unijni decydenci mają również okazję poznać potrzeby i obawy obywateli.</p>



<p><strong>Centra Dokumentacji Europejskiej</strong>&nbsp;promują wiedzę i badania naukowe na temat integracji UE. Oferują szeroki zbiór publikacji na tematy europejskie oraz zachęcają środowiska naukowe, by włączyły się w debatę na temat Europy.</p>



<p><strong>Team Europe</strong>, trzecia sieć informacyjna działająca pod szyldem Europe Direct, to grupa ekspertów współpracująca z Przedstawicielstwem Komisji Europejskiej w Polsce.</p>



<p>Tworzą ją specjaliści zajmujący się wieloma aspektami polityki europejskiej – prawnicy, ekonomiści, politolodzy, historycy, socjologowie. Członkowie TE uczestniczą w debatach i konferencjach, biorą udział w programach radiowych i telewizyjnych. Zainteresowane instytucje i organizacje mogą zwracać się do nich, aby uzyskać ekspercką wiedzę lub analizę na konkretny temat.</p>



<p>Więcej informacji:&nbsp;https://ec.europa.eu/poland/services/contact-points_pl</p>



<h1 class="wp-block-heading" id="partnerzy">Partnerzy:</h1>



<div class="wp-block-image"><figure class="aligncenter size-full"><img loading="lazy" decoding="async" width="300" height="147" src="http://serwer2068585.home.pl/autoinstalator/wordpress1/wp-content/uploads/2022/01/Pomorskie_stowarzyszenie_pomorskie_w_UE-300x147-1.png" alt="" class="wp-image-60" srcset="https://gwiezdnykrag.pl/wp-content/uploads/2022/01/Pomorskie_stowarzyszenie_pomorskie_w_UE-300x147-1.png 300w, https://gwiezdnykrag.pl/wp-content/uploads/2022/01/Pomorskie_stowarzyszenie_pomorskie_w_UE-300x147-1-100x49.png 100w, https://gwiezdnykrag.pl/wp-content/uploads/2022/01/Pomorskie_stowarzyszenie_pomorskie_w_UE-300x147-1-275x135.png 275w" sizes="auto, (max-width: 300px) 100vw, 300px" /></figure></div>



<h2 class="wp-block-heading" id="stowarzyszenie-pomorskie-w-unii-europejskiej">Stowarzyszenie “Pomorskie w Unii Europejskiej”</h2>



<p>Stowarzyszenie “Pomorskie w Unii Europejskiej” jest formą partnerstwa regionalnego samorządów województwa pomorskiego, uczelni oraz innych instytucji działających na rzecz wszechstronnego i efektywnego rozwoju Województwa Pomorskiego oraz kreowania jego pozytywnego wizerunku zarówno w Polsce jak i całej Europie.</p>



<p>Stowarzyszenie, utworzone w 2004 roku,&nbsp;realizuje swoje zadania za pomocą Biura Regionalnego Województwa Pomorskiego w Brukseli oraz Biura Miejscowego w Gdańsku. Powołanie tych instytucji jest odpowiedzią na coraz większe znaczenie polityk regionalnych w Unii Europejskiej i potrzebę bezpośredniego nawiązywania kontaktów na arenie europejskiej.</p>



<p>Więcej:&nbsp;<a href="https://web.archive.org/web/20210305011801/https://pomorskieregion.eu/">https://pomorskieregion.eu/</a></p>

<p>Organizatorzy: Przedstawicielstwo Komisji Europejskiej w Polsce Przedstawicielstwo jest biurem Komisji Europejskiej w Polsce z siedzibą w Warszawie. Naszym zadaniem jest: objaśnianie wpływu polityki UE na życie obywateli w Polsce udzielanie polskiemu rządowi oraz innym organom i zainteresowanym stronom w Polsce informacji o UE oferowanie informacji służbom prasowym i medialnym w Polsce na temat aktualnej polityki [&hellip;]</p>
